
2
What is the billions digit of 5396590048?
5
What is the hundreds digit of 117186860?
8
What is the millions digit of 629116755?
9
What is the hundreds digit of 3870322360?
3
What is the tens digit of 140764676?
7
What is the thousands digit of 987561832?
1
What is the ten thousands digit of 274795931?
9
What is the hundreds digit of 285237856?
8
What is the hundreds digit of 389262196?
1
What is the ten millions digit of 103702082?
0
What is the ten thousands digit of 15231817?
3
What is the hundred thousands digit of 107600249?
6
What is the tens digit of 1531230916?
1
What is the hundred millions digit of 118812584?
1
What is the ten millions digit of 69771284?
6
What is the tens digit of 467772301?
0
What is the hundred thousands digit of 69865784?
8
What is the units digit of 174100021?
1
What is the thousands digit of 259754769?
4
What is the millions digit of 21017278?
1
What is the ten thousands digit of 383155339?
5
What is the millions digit of 1594286135?
4
What is the hundreds digit of 224096529?
5
What is the ten thousands digit of 5801467002?
6
What is the millions digit of 65693614?
5
What is the hundred millions digit of 729075687?
7
What is the thousands digit of 703314551?
4
What is the thousands digit of 544651?
4
What is the hundred thousands digit of 399138500?
1
What is the hundreds digit of 214966231?
2
What is the units digit of 68692746?
6
What is the hundred thousands digit of 50514768?
5
What is the millions digit of 102997055?
2
What is the units digit of 1131354996?
6
What is the hundred thousands digit of 80148660?
1
What is the hundreds digit of 21810664?
6
What is the ten thousands digit of 217102813?
0
What is the hundreds digit of 1669962701?
7
What is the hundreds digit of 83407260?
2
What is the hundred thousands digit of 172813640?
8
What is the tens digit of 103756930?
3
What is the thousands digit of 1817523769?
3
What is the units digit of 502840480?
0
What is the units digit of 8923767?
7
What is the hundred millions digit of 316462164?
3
What is the hundred millions digit of 387882213?
3
What is the ten thousands digit of 138723989?
2
What is the millions digit of 31813683?
1
What is the ten thousands digit of 373052646?
5
What is the tens digit of 1001239381?
8
What is the ten thousands digit of 2069277185?
7
What is the ten thousands digit of 19253486?
5
What is the thousands digit of 828312638?
2
What is the hundreds digit of 402596346?
3
What is the millions digit of 93686144?
3
What is the thousands digit of 49354384?
4
What is the hundreds digit of 83818106?
1
What is the millions digit of 174571372?
4
What is the thousands digit of 135182865?
2
What is the tens digit of 1664703594?
9
What is the tens digit of 55746428?
2
What is the tens digit of 185627962?
6
What is the thousands digit of 75484058?
4
What is the thousands digit of 81076076?
6
What is the ten millions digit of 116387672?
1
What is the tens digit of 8886151?
5
What is the hundred thousands digit of 52244238?
2
What is the hundred thousands digit of 43405273?
4
What is the millions digit of 174555434?
4
What is the millions digit of 150737361?
0
What is the tens digit of 64865340?
4
What is the thousands digit of 258324765?
4
What is the hundreds digit of 3592159311?
3
What is the thousands digit of 1041575736?
5
What is the hundreds digit of 404228126?
1
What is the hundreds digit of 2993567?
5
What is the ten millions digit of 62235952?
6
What is the units digit of 4237501?
1
What is the billions digit of 1063276540?
1
What is the tens digit of 374770172?
7
What is the thousands digit of 61571446?
1
What is the hundred millions digit of 830534746?
8
What is the millions digit of 100342563?
0
What is the millions digit of 50271258?
0
What is the ten thousands digit of 100198044?
9
What is the ten millions digit of 177926322?
7
What is the units digit of 1517383096?
6
What is the hundred thousands digit of 18181423?
1
What is the millions digit of 615828486?
5
What is the hundred thousands digit of 34760065?
7
What is the tens digit of 538132444?
4
What is the tens digit of 6999067563?
6
What is the units digit of 142853804?
4
What is the millions digit of 1678546164?
8
What is the ten millions digit of 6588159414?
8
What is the ten thousands digit of 1234304804?
0
What is the units digit of 118961854?
4
What is the hundred thousands digit of 1950514661?
5
What is the ten thousands digit of 377930?
7
What is the units digit of 357139641?
1
What is the hundred millions digit of 334749618?
3
What is the millions digit of 86571905?
6
What is the hundred thousands digit of 905773040?
7
What is the millions digit of 43756550?
3
What is the units digit of 13112451?
1
What is the ten millions digit of 20054120?
2
What is the hundred thousands digit of 92878352?
8
What is the hundreds digit of 685513976?
9
What is the ten millions digit of 822371144?
2
What is the ten thousands digit of 1750822175?
2
What is the ten thousands digit of 850646423?
4
What is the units digit of 213874638?
8
What is the tens digit of 164265090?
9
What is the tens digit of 17966702?
0
What is the millions digit of 23717087?
3
What is the hundred millions digit of 234196759?
2
What is the units digit of 378949748?
8
What is the hundreds digit of 183507852?
8
What is the hundreds digit of 995563511?
5
What is the ten millions digit of 38765850?
3
What is the ten thousands digit of 1517820543?
2
What is the tens digit of 1488131507?
0
What is the thousands digit of 38846486?
6
What is the hundreds digit of 8881144?
1
What is the hundreds digit of 17655757?
7
What is the hundreds digit of 4699708418?
4
What is the thousands digit of 153185921?
5
What is the tens digit of 1863639024?
2
What is the ten thousands digit of 2234890799?
9
What is the tens digit of 40559133?
3
What is the hundred millions digit of 213081040?
2
What is the hundred thousands digit of 60384533?
3
What is the units digit of 5283621295?
5
What is the ten thousands digit of 599014348?
1
What is the hundred thousands digit of 53305763?
3
What is the hundred millions digit of 248121973?
2
What is the billions digit of 1534311306?
1
What is the millions digit of 131893580?
1
What is the tens digit of 2644496524?
2
What is the hundred millions digit of 459208983?
4
What is the ten thousands digit of 133530941?
3
What is the ten thousands digit of 260864659?
6
What is the ten millions digit of 208787193?
0
What is the hundred thousands digit of 198210897?
2
What is the hundreds digit of 27918690?
6
What is the units digit of 119549907?
7
What is the hundreds digit of 256435254?
2
What is the tens digit of 41856131?
3
What is the ten thousands digit of 61261030?
6
What is the millions digit of 41259659?
1
What is the hundred millions digit of 1647436273?
6
What is the hundred thousands digit of 534439103?
4
What is the ten thousands digit of 526917777?
1
What is the ten thousands digit of 238367756?
6
What is the hundreds digit of 444878579?
5
What is the units digit of 148576249?
9
What is the hundred millions digit of 3646275821?
6
What is the thousands digit of 240129830?
9
What is the millions digit of 474100749?
4
What is the hundreds digit of 2447101893?
8
What is the hundred thousands digit of 345836525?
8
What is the hundreds digit of 1136857601?
6
What is the billions digit of 2546094919?
2
What is the thousands digit of 7255934643?
4
What is the hundreds digit of 989641009?
0
What is the billions digit of 5392692447?
5
What is the hundreds digit of 208877163?
1
What is the millions digit of 287413891?
7
What is the millions digit of 2302387727?
2
What is the units digit of 1043782650?
0
What is the thousands digit of 113185961?
5
What is the hundred thousands digit of 155364659?
3
What is the units digit of 603110079?
9
What is the tens digit of 92969390?
9
What is the hundreds digit of 2200527?
5
What is the tens digit of 214228498?
9
What is the tens digit of 722285812?
1
What is the ten thousands digit of 16879774?
7
What is the hundred thousands digit of 318563025?
5
What is the hundred millions digit of 184772241?
1
What is the ten thousands digit of 1561740512?
4
What is the billions digit of 2739064934?
2
What is the ten millions digit of 16504420?
1
What is the ten thousands 